{"id":29,"date":"2025-07-21T18:37:41","date_gmt":"2025-07-21T18:37:41","guid":{"rendered":"https:\/\/www.toison.fr\/?page_id=29"},"modified":"2025-12-03T05:54:28","modified_gmt":"2025-12-03T05:54:28","slug":"accueil","status":"publish","type":"page","link":"https:\/\/www.toison.fr\/","title":{"rendered":"Accueil"},"content":{"rendered":"\n<p>Nous organisons des demi-journ\u00e9es de p\u00eache en mer au d\u00e9part du Croisic de juin a septembre. Les horaires sont de 7h a 12h le matin et de 14h a 19h l&rsquo;apr\u00e8s-midi. Le nombre de places est limit\u00e9 r\u00e9servation obligatoire.<\/p>\n\n\n\n<p class=\"has-medium-font-size\"><strong>Tarifs<\/strong> <strong>2026<\/strong><\/p>\n\n\n\n<p class=\"has-medium-font-size\"><strong>Adultes<\/strong> 50 euro avec location de canne 40 euro sans location de canne.<\/p>\n\n\n\n<p class=\"has-medium-font-size\"><strong>Enfants<\/strong> <strong>ou accompagnateurs<\/strong> 30 euro.<\/p>\n\n\n\n<p class=\"has-large-font-size\"><\/p>\n\n\n\n<p class=\"has-medium-font-size\"><strong> <\/strong><\/p>\n\n\n\n<p><\/p>\n","protected":false},"excerpt":{"rendered":"<p>Nous organisons des demi-journ\u00e9es de p\u00eache en mer au d\u00e9part du Croisic de juin a septembre. Les horaires sont de 7h a 12h le matin et de 14h a 19h l&rsquo;apr\u00e8s-midi. Le nombre de places est limit\u00e9 r\u00e9servation obligatoire. Tarifs 2026 Adultes 50 euro avec location de canne 40 euro sans location de canne. Enfants [&hellip;]<\/p>\n","protected":false},"author":1,"featured_media":62,"parent":0,"menu_order":0,"comment_status":"closed","ping_status":"closed","template":"","meta":{"footnotes":""},"class_list":["post-29","page","type-page","status-publish","has-post-thumbnail","hentry"],"_links":{"self":[{"href":"https:\/\/www.toison.fr\/index.php\/wp-json\/wp\/v2\/pages\/29","targetHints":{"allow":["GET"]}}],"collection":[{"href":"https:\/\/www.toison.fr\/index.php\/wp-json\/wp\/v2\/pages"}],"about":[{"href":"https:\/\/www.toison.fr\/index.php\/wp-json\/wp\/v2\/types\/page"}],"author":[{"embeddable":true,"href":"https:\/\/www.toison.fr\/index.php\/wp-json\/wp\/v2\/users\/1"}],"replies":[{"embeddable":true,"href":"https:\/\/www.toison.fr\/index.php\/wp-json\/wp\/v2\/comments?post=29"}],"version-history":[{"count":7,"href":"https:\/\/www.toison.fr\/index.php\/wp-json\/wp\/v2\/pages\/29\/revisions"}],"predecessor-version":[{"id":68,"href":"https:\/\/www.toison.fr\/index.php\/wp-json\/wp\/v2\/pages\/29\/revisions\/68"}],"wp:featuredmedia":[{"embeddable":true,"href":"https:\/\/www.toison.fr\/index.php\/wp-json\/wp\/v2\/media\/62"}],"wp:attachment":[{"href":"https:\/\/www.toison.fr\/index.php\/wp-json\/wp\/v2\/media?parent=29"}],"curies":[{"name":"wp","href":"https:\/\/api.w.org\/{rel}","templated":true}]}}